{"id":846,"date":"2016-07-24T17:17:32","date_gmt":"2016-07-24T15:17:32","guid":{"rendered":"http:\/\/www.jazykovkaplzen.cz\/?page_id=846"},"modified":"2021-04-18T23:28:37","modified_gmt":"2021-04-18T21:28:37","slug":"volna-mista","status":"publish","type":"page","link":"http:\/\/www.jazykovkaplzen.cz\/?page_id=846","title":{"rendered":"Voln\u00e1 m\u00edsta"},"content":{"rendered":"\n<p>Hled\u00e1me lektora\/lektorku n\u011bmeck\u00e9ho jazyka pro individu\u00e1ln\u00ed i skupinov\u00e9 kurzy od za\u010d\u00e1te\u010dn\u00edk\u016f po st\u0159edn\u011b pokro\u010dil\u00e9. \u017divotopisy pos\u00edlejte pros\u00edm na e-mail: <em>info@jazykovkaplzen.cz<\/em>.<\/p>\n\n\n\n<p><strong>Po\u017eadujeme:<\/strong><\/p>\n\n\n\n<ul class=\"wp-block-list\"><li>V\u0160 vzd\u011bl\u00e1n\u00ed (lze i absolventy),<\/li><li>praxe v oboru v\u00fdhodou, ale nikoliv podm\u00ednkou,<\/li><li>p\u0159\u00edjemn\u00e9 vystupov\u00e1n\u00ed, samostatnost a sv\u011bdomitost.<\/li><\/ul>\n\n\n\n<p><strong>Nab\u00edz\u00edme:<\/strong><\/p>\n\n\n\n<ul class=\"wp-block-list\"><li>pru\u017en\u00e1\u00a0pracovn\u00ed doba,<\/li><li>mo\u017enost realizace vlastn\u00edch n\u00e1pad\u016f a u\u010debn\u00edch metod,<\/li><li>pln\u011b vybaven\u00e9 u\u010debny (projektor, interaktivn\u00ed tabule, internet),<\/li><li>pr\u00e1ci v mlad\u00e9m a pohodov\u00e9m kolektivu,<\/li><li>z\u00e1zem\u00ed stabiln\u00ed firmy,<\/li><li>odpov\u00eddaj\u00edc\u00ed platov\u00e9 ohodnocen\u00ed.<\/li><\/ul>\n\n\n\n<div class=\"wp-block-image is-style-rounded\"><figure class=\"alignright\"><img loading=\"lazy\" decoding=\"async\" width=\"300\" height=\"219\" src=\"http:\/\/www.jazykovkaplzen.cz\/wp-content\/uploads\/2012\/01\/mimio1-e1325951478520-300x219.jpg\" alt=\"mimio\" class=\"wp-image-53\" srcset=\"http:\/\/www.jazykovkaplzen.cz\/wp-content\/uploads\/2012\/01\/mimio1-e1325951478520-300x219.jpg 300w, http:\/\/www.jazykovkaplzen.cz\/wp-content\/uploads\/2012\/01\/mimio1-e1325951478520.jpg 518w\" sizes=\"auto, (max-width: 300px) 100vw, 300px\" \/><\/figure><\/div>\n","protected":false},"excerpt":{"rendered":"<div class=\"entry-summary\">\nHled\u00e1me lektora\/lektorku n\u011bmeck\u00e9ho jazyka pro individu\u00e1ln\u00ed i skupinov\u00e9 kurzy od za\u010d\u00e1te\u010dn\u00edk\u016f po st\u0159edn\u011b pokro\u010dil\u00e9. \u017divotopisy pos\u00edlejte pros\u00edm na e-mail: info@jazykovkaplzen.cz.&hellip;\n<\/div>\n<div class=\"link-more\"><a href=\"http:\/\/www.jazykovkaplzen.cz\/?page_id=846\" class=\"more-link\">Continue reading<span class=\"screen-reader-text\"> &ldquo;Voln\u00e1 m\u00edsta&rdquo;<\/span>&hellip;<\/a><\/div>\n","protected":false},"author":3,"featured_media":0,"parent":0,"menu_order":0,"comment_status":"closed","ping_status":"closed","template":"","meta":{"_acf_changed":false,"footnotes":""},"class_list":["post-846","page","type-page","status-publish","hentry","entry"],"acf":[],"_links":{"self":[{"href":"http:\/\/www.jazykovkaplzen.cz\/index.php?rest_route=\/wp\/v2\/pages\/846","targetHints":{"allow":["GET"]}}],"collection":[{"href":"http:\/\/www.jazykovkaplzen.cz\/index.php?rest_route=\/wp\/v2\/pages"}],"about":[{"href":"http:\/\/www.jazykovkaplzen.cz\/index.php?rest_route=\/wp\/v2\/types\/page"}],"author":[{"embeddable":true,"href":"http:\/\/www.jazykovkaplzen.cz\/index.php?rest_route=\/wp\/v2\/users\/3"}],"replies":[{"embeddable":true,"href":"http:\/\/www.jazykovkaplzen.cz\/index.php?rest_route=%2Fwp%2Fv2%2Fcomments&post=846"}],"version-history":[{"count":9,"href":"http:\/\/www.jazykovkaplzen.cz\/index.php?rest_route=\/wp\/v2\/pages\/846\/revisions"}],"predecessor-version":[{"id":1065,"href":"http:\/\/www.jazykovkaplzen.cz\/index.php?rest_route=\/wp\/v2\/pages\/846\/revisions\/1065"}],"wp:attachment":[{"href":"http:\/\/www.jazykovkaplzen.cz\/index.php?rest_route=%2Fwp%2Fv2%2Fmedia&parent=846"}],"curies":[{"name":"wp","href":"https:\/\/api.w.org\/{rel}","templated":true}]}}

Volná místa

<p>Hledáme lektora/lektorku německého jazyka pro individuální i skupinové kurzy od začátečníků po středně pokročilé. Životopisy posílejte prosím na e-mail: <em>info@jazykovkaplzen.cz</em>.</p>



<p><strong>Požadujeme:</strong></p>



<ul class="wp-block-list"><li>VŠ vzdělání (lze i absolventy),</li><li>praxe v oboru výhodou, ale nikoliv podmínkou,</li><li>příjemné vystupování, samostatnost a svědomitost.</li></ul>



<p><strong>Nabízíme:</strong></p>



<ul class="wp-block-list"><li>pružná pracovní doba,</li><li>možnost realizace vlastních nápadů a učebních metod,</li><li>plně vybavené učebny (projektor, interaktivní tabule, internet),</li><li>práci v mladém a pohodovém kolektivu,</li><li>zázemí stabilní firmy,</li><li>odpovídající platové ohodnocení.</li></ul>



<div class="wp-block-image is-style-rounded"><figure class="alignright"><img loading="lazy" decoding="async" width="300" height="219" src="http://www.jazykovkaplzen.cz/wp-content/uploads/2012/01/mimio1-e1325951478520-300x219.jpg" alt="mimio" class="wp-image-53" srcset="http://www.jazykovkaplzen.cz/wp-content/uploads/2012/01/mimio1-e1325951478520-300x219.jpg 300w, http://www.jazykovkaplzen.cz/wp-content/uploads/2012/01/mimio1-e1325951478520.jpg 518w" sizes="auto, (max-width: 300px) 100vw, 300px" /></figure></div>

<div class="entry-summary">
Hledáme lektora/lektorku německého jazyka pro individuální i skupinové kurzy od začátečníků po středně pokročilé. Životopisy posílejte prosím na e-mail: info@jazykovkaplzen.cz.&hellip;
</div>
<div class="link-more"><a href="http://www.jazykovkaplzen.cz/?page_id=846" class="more-link">Continue reading<span class="screen-reader-text"> &ldquo;Volná místa&rdquo;</span>&hellip;</a></div>
